divisor of 12645000 and 72.
72
What is the greatest common factor of 203796 and 50172?
444
What is the greatest common divisor of 15844 and 55347053?
3961
What is the highest common divisor of 32478 and 912?
6
Calculate the greatest common factor of 53445 and 106953.
21
Calculate the highest common divisor of 2 and 3269218.
2
Calculate the greatest common divisor of 6297999 and 18381.
1671
Calculate the greatest common factor of 25280 and 163840.
320
What is the highest common divisor of 339 and 9137293?
113
What is the highest common divisor of 6952 and 89230658?
1738
Calculate the greatest common divisor of 797076 and 2844.
36
Calculate the greatest common factor of 495525 and 27375.
75
Calculate the greatest common factor of 3875018 and 2702.
14
What is the highest common divisor of 30 and 8632905?
15
Calculate the highest common factor of 254353 and 4389.
209
Calculate the highest common divisor of 42652739 and 19.
19
What is the greatest common divisor of 991996935 and 95?
95
What is the greatest common divisor of 21276 and 1967636?
788
What is the highest common factor of 304172 and 136152?
124
What is the highest common divisor of 85050 and 19188900?
4050
Calculate the highest common factor of 569 and 583016177.
569
Calculate the highest common divisor of 168 and 131542932.
12
Calculate the highest common divisor of 1132506 and 25619.
17
Calculate the greatest common factor of 1164 and 2500188.
12
Calculate the highest common divisor of 707100602 and 130.
26
What is the greatest common factor of 171967 and 449?
449
Calculate the highest common divisor of 287429 and 519450.
3463
Calculate the greatest common divisor of 18038854 and 4508.
46
What is the greatest common divisor of 176325 and 209239?
2351
Calculate the highest common factor of 20153 and 24094351.
2879
What is the greatest common factor of 51744 and 16456209?
1617
Calculate the greatest common factor of 4658507 and 49.
7
What is the highest common factor of 13888 and 12572608?
1984
Calculate the highest common factor of 290 and 204568610.
290
What is the greatest common factor of 1355207 and 2765?
7
Calculate the highest common factor of 414290546 and 1718.
1718
Calculate the highest common divisor of 6731 and 954659.
127
What is the highest common divisor of 4621263 and 1608993?
7347
Calculate the greatest common divisor of 48 and 95774568.
24
What is the greatest common divisor of 283844210 and 65?
65
Calculate the greatest common factor of 879 and 39746915.
293
What is the greatest common divisor of 319895205 and 1785?
1785
Calculate the highest common divisor of 2166 and 130038.
6
Calculate the highest common factor of 411264 and 347760.
3024
Calculate the highest common factor of 336186 and 1482.
114
What is the greatest common factor of 65757 and 45057?
69
What is the greatest common factor of 1473 and 2731433?
491
Calculate the highest common divisor of 8 and 1397426.
2
What is the highest common factor of 145172002 and 188?
94
What is the highest common divisor of 9347105 and 29545?
1555
Calculate the highest common factor of 4025 and 44958445.
805
Calculate the highest common factor of 1445 and 37173781.
289
What is the highest common factor of 383 and 22218979?
383
Calculate the greatest common divisor of 4134 and 253393.
53
What is the greatest common factor of 128625 and 288225?
525
What is the highest common factor of 15 and 11463215?
5
Calculate the greatest common divisor of 6776129 and 2231.
97
Calculate the greatest common factor of 2052 and 2690742.
114
What is the highest common divisor of 1416992 and 1184?
32
Calculate the greatest common divisor of 54817843 and 68.
17
What is the greatest common factor of 552673 and 4762395?
11759
What is the highest common factor of 167504 and 35825640?
2888
What is the highest common divisor of 16293482 and 82?
82
Calculate the highest common factor of 36646 and 50954.
146
Calculate the highest common divisor of 1736462 and 17654.
182
Calculate the highest common factor of 458699 and 143253.
1447
Calculate the greatest common factor of 49760 and 11810.
10
What is the highest common divisor of 29 and 821593?
1
Calculate the highest common divisor of 49311 and 459702.
9
What is the highest common factor of 3256 and 1439768?
88
Calculate the highest common factor of 1124 and 15489282.
562
What is the highest common divisor of 977072 and 372586?
1546
What is the greatest common divisor of 34229721 and 4846?
2423
Calculate the highest common divisor of 104 and 425531990.
26
What is the greatest common divisor of 2410862 and 13734?
218
Calculate the highest common factor of 1868 and 69404606.
934
Calculate the greatest common divisor of 288 and 1309752.
72
Calculate the highest common divisor of 3915520 and 57344.
1792
Calculate the greatest common divisor of 1001476 and 88078.
94
What is the greatest common divisor of 286946 and 14?
2
Calculate the greatest common factor of 5157596 and 476.
68
Calculate the greatest common factor of 11685592 and 23492.
3356
What is the highest common divisor of 7991399 and 18512?
1157
Calculate the greatest common divisor of 10935869 and 441.
49
What is the greatest common divisor of 584001457 and 3653?
3653
Calculate the highest common divisor of 36463830 and 15.
15
What is the highest common factor of 2494 and 294031?
29
Calculate the highest common factor of 11186 and 75698.
14
Calculate the greatest common divisor of 36 and 214399674.
18
What is the greatest common factor of 47241365 and 27001?
2077
What is the highest common divisor of 160332222 and 19?
19
Calculate the greatest common divisor of 18980995 and 10.
5
Calculate the highest common factor of 1961297 and 559.
13
What is the highest common divisor of 2091 and 117434742?
2091
What is the greatest common factor of 1173 and 1967971?
17
What is the highest common factor of 9255 and 41561120?
3085
Calculate the greatest common divisor of 17460 and 21889990.
970
What is the greatest common factor of 62344 and 4832?
8
What is the highest common factor of 204780 and 30?
30
What is the greatest common factor of 408149 and 188692?
2051
Calculate the highest common divisor of 2144588 and 296.
4
Calculate the highest common divisor of 85 and 620976425.
85
Calculate the greatest common factor of 173344 and 608.
32
What is the highest common divisor of 9063 and 11684373?
57
Calculate the greatest common factor of 11552 and 59067808.
608
What is the greatest common factor of 7068721 and 203?
29
Calculate the highest common factor of 8126 and 30623548.
478
What is the greatest common factor of 1320 and 128320?
40
Calculate the highest common factor of 108147 and 1583088.
2301
What is the highest common divisor of 8704 and 13934288?
272
Calculate the greatest common divisor of 516 and 288363676.
172
Calculate the highest common divisor of 783 and 1358289.
27
Calculate the greatest common factor of 3479788 and 2509.
13
Calculate the highest common divisor of 2414169 and 62913.
939
Calculate the highest common divisor of 418549 and 74236.
67
What is the greatest common factor of 165 and 114038375?
55
Calculate the highest common factor of 284470 and 982.
2
Calculate the greatest common divisor of 976 and 22509244.
244
What is the greatest common divisor of 4662859408 and 8?
8
Calculate the greatest common divisor of 144 and 785307648.
48
What is the greatest common divisor of 28116838 and 10690?
2138
What is the highest common factor of 81 and 1481247?
81
Calculate the highest common divisor of 1177734 and 2166.
114
Calculate the highest common divisor of 2190 and 11654304.
438
What is the greatest common factor of 875751380 and 488?
244
Calculate the highest common factor of 708098 and 48700.
974
What is the highest common divisor of 753280 and 9856?
1408
Calculate the highest common divisor of 3459014 and 78.
26
What is the highest common factor of 613273 and 4780169?
8401
What is the highest common divisor of 2067 and 9347?
13
Calculate the highest common factor of 22 and 770632093.
11
What is the greatest common divisor of 21919554 and 882?
18
Calculate the greatest common factor of 966 and 9905847.
483
What is the greatest common factor of 257274777 and 2271?
2271
Calculate the greatest common divisor of 15348 and 1072020.
12
What is 